In base 11, what is -a19 + 610?
-409
In base 14, what is 359 - 2424?
-20a9
In base 8, what is 1004655 + -1711?
1002744
In base 4, what is 1121203131123 + -2?
1121203131121
In base 2, what is -10000010 - 10100100101001110?
-10100100111010000
In base 16, what is -5a8c + d20?
-4d6c
In base 7, what is -210 - -1026466?
1026256
In base 10, what is 746 - 15591?
-14845
In base 16, what is 2 + 117a09?
117a0b
In base 8, what is 721770 + -1112?
720656
In base 16, what is d1109 - -5?
d110e
In base 15, what is 62037 - 225?
61d12
In base 5, what is 402121141 + -30?
402121111
In base 14, what is -420c91 + -3?
-420c94
In base 15, what is -55 - -de273?
de21d
In base 16, what is -35a + -59095?
-593ef
In base 13, what is -28524 - -67?
-2848a
In base 3, what is 20202110102122 - 221?
20202110101201
In base 13, what is 33 - -4a4027?
4a405a
In base 2, what is 1001010000 - 111010001000001?
-111000111110001
In base 6, what is -302231322 - 1?
-302231323
In base 2, what is 11110011001010010001110010 - 101?
11110011001010010001101101
In base 5, what is -1022223213 - 10?
-1022223223
In base 2, what is -10 - 111110001110000001000101110?
-111110001110000001000110000
In base 11, what is 2935510 + -2?
2935509
In base 7, what is -2420 + -22233?
-24653
In base 11, what is -11082945 - -3?
-11082942
In base 9, what is 75 - -3701326?
3701412
In base 8, what is -506531172 - 3?
-506531175
In base 5, what is -4 + -333341332?
-333341341
In base 2, what is -1101000001 - 110111100000111?
-111001001001000
In base 5, what is 414232 + 1201?
420433
In base 5, what is -1344244124 + 142?
-1344243432
In base 6, what is -351543425 + 0?
-351543425
In base 7, what is 33315 + -21136?
12146
In base 9, what is 1542638 - 401?
1542237
In base 16, what is -c - -321336?
32132a
In base 16, what is 27f22bf - 3?
27f22bc
In base 6, what is 500544 + 410?
501354
In base 13, what is -c04 + -12a40a?
-12b311
In base 3, what is -1 - 20202200121221001?
-20202200121221002
In base 10, what is 0 + -154826?
-154826
In base 4, what is -2030021322 + 10110?
-2030011212
In base 15, what is -5 + 830991?
83098b
In base 6, what is 55342 + -32?
55310
In base 13, what is 380 + -62a5c?
-626ac
In base 6, what is 1044330 - 3315?
1041011
In base 6, what is -54003 + 1105?
-52454
In base 11, what is 4 + -66a6593?
-66a658a
In base 12, what is 769212 - a0?
769132
In base 16, what is 4 + -5a1d6b4?
-5a1d6b0
In base 14, what is -3 + 2996891?
299688c
In base 3, what is 1101112102 - 22110220?
1002001112
In base 13, what is -281a58 + 0?
-281a58
In base 4, what is -20230021220 + -20?
-20230021300
In base 12, what is -10156b2a9 - 3?
-10156b2b0
In base 11, what is -210 + -17541?
-17751
In base 11, what is 226 - 17783?
-17558
In base 13, what is -55586 - -1?
-55585
In base 9, what is 3581442 - 558?
3580773
In base 4, what is -121221300 - -33013?
-121122221
In base 6, what is -12541 + 55304?
42323
In base 10, what is -36 + -5569871?
-5569907
In base 4, what is -1100300112111 - 2?
-1100300112113
In base 8, what is -421 + 5375335?
5374714
In base 7, what is -43 - -6134?
6061
In base 3, what is 2100222 - 1012000?
1011222
In base 10, what is 6937 + -580?
6357
In base 11, what is 355865a + 1?
3558660
In base 14, what is -3 - -246b62d1?
246b62cc
In base 12, what is -24841 + 208?
-24635
In base 4, what is -101 + -133320123220?
-133320123321
In base 7, what is -62126 - -6?
-62120
In base 8, what is 360 - 67274?
-66714
In base 11, what is a - -31634532?
31634541
In base 5, what is -24410440310 + -2?
-24410440312
In base 8, what is -2152073066 + -4?
-2152073072
In base 11, what is -61710 + -1433?
-63043
In base 9, what is -1138101 + -50?
-1138151
In base 9, what is -1656023 + -8?
-1656032
In base 7, what is 2 + -2621416506?
-2621416504
In base 3, what is -1012111101 + 11201020?
-1000210011
In base 8, what is 2147422 + 0?
2147422
In base 2, what is -1010100110 - 10101000011111011010?
-10101000101010000000
In base 4, what is 2 - 10332330031?
-10332330023
In base 6, what is -122 - 1024543210?
-1024543332
In base 5, what is -110440 + 10003?
-100432
In base 5, what is -214323442 + 11?
-214323431
In base 2, what is 111010010 + 10000111001011100111?
10000111010010111001
In base 2, what is 100101010000010001000 - 100?
100101010000010000100
In base 13, what is 4148 - -230?
4378
In base 4, what is 11222011330 + -132?
11222011132
In base 6, what is 5011 - -341422?
350433
In base 12, what is 12266a78 - 6?
12266a72
In base 13, what is -11 + -1a26331?
-1a26342
In base 2, what is -101 + -1010101011010110001111100010?
-1010101011010110001111100111
In base 12, what is -11 + 91baa?
91b99
In base 8, what is 1 + -16567552?
-16567551
In base 3, what is 221211200122201222 - 0?
221211200122201222
In base 12, what is 620572 - -9?
62057b
In base 4, what is -122 - 110132212133?
-110132212321
In base 5, what is 3 - -131200210304?
131200210312
In base 2, what is -100001100000010101100 - -10111?
-100001100000010010101
In base 11, what is -269796a - -97?
-2697883
In base 7, what is 120554 - -3620?
124504
In base 2, what is -1000001100110110110100101 + 101?
-1000001100110110110100000
In base 6, what is 202131324 - 22?
202131302
In base 11, what is 419a52 - 11?
419a41
In base 2, what is -1101000000100100001100001001 - 11?
-1101000000100100001100001100
In base 8, what is -212670 + -45?
-212735
In base 2, what is -10 - 11100110011111001110111000?
-11100110011111001110111010
In base 7, what is 2065333 - -430?
2066063
In base 13, what is -3a4 + -15808?
-15bac
In base 4, what is -111 - -130113202?
130113031
In base 12, what is -1700283 - -26?
-1700259
In base 9, what is -77033 - -33204?
-43728
In base 16, what is -3 + -21ef84?
-21ef87
In base 7, what is 10335322 - 13?
10335306
In base 9, what is 110 - -73742?
73852
In base 12, what is 54b3a5 + 37?
54b420
In base 14, what is 2 + -47c0a4?
-47c0a2
In base 9, what is 287715 + -28?
287676
In base 14, what is -1b7 + -6225?
-63dc
In base 6, what is 35400545 + 5?
35400554
In base 13, what is -6285468 - -10?
-6285458
In base 11, what is -18422 + -232?
-18654
In base 12, what is 66574 + 49?
66601
In base 10, what is 1177 + 5451?
6628
In base 12, what is -68 - 798022?
-79808a
In base 3, what is 10 + -1110110110000022?
-1110110110000012
In base 4, what is -1213321001232 - -10?
-1213321001222
In base 16, what is -1e0 + -4635e?
-4653e
In base 13, what is 15655 - -251a?
17b72
In base 13, what is 1109618 - -7?
1109622
In base 5, what is 23001 - -1332414?
1410420
In base 15, what is 9918e + a0?
9923e
In base 15, what is -124793 - 1a7?
-12494a
In base 10, what is -1030314 - -28?
-1030286
In base 3, what is -112121 - -2200221110?
2200101212
In base 2, what is -10 + 101010101011100110?
101010101011100100
In base 4, what is -223023123 - -10232?
-223012231
In base 3, what is -1 + 22120012201012?
22120012201011
In base 13, what is 235b4 + 39b5?
27299
In base 9, what is -422548 - -607?
-421841
In base 5, what is -43121020 + -221?
-43121241
In base 16, what is 116c6e7 - 5?
116c6e2
In base 8, what is 1162671660 - -3?
1162671663
In base 16, what is -12 - 4ac77?
-4ac89
In base 4, what is 110221001 + -201103?
110013232
In base 3, what is -10202 - -1021020022001?
1021020011022
In base 16, what is -7 - 356d3b7?
-356d3be
In base 9, what is -2 + -55560155?
-55560157
In base 5, what is 22021414 - 42?
22021322
In base 12, what is 160ba1 + -79?
160b24
In base 13, what is 3 + -307491a?
-3074917
In base 11, what is -3060186 - 21?
-30601a7
In base 14, what is 14 + 5cca5?
5ccb9
In base 3, what is 20202121 + 2202?
20212100
In base 15, what is 2 - 6bc8319?
-6bc8317
In base 11, what is 1 + 658a7a1?
658a7a2
In base 8, what is -4461 + 674?
-3565
In base 4, what is 3 - 13023000112?
-13023000103
In base 5, what is 40304 + 111223?
202032
In base 7, what is 20221435 + -2130?
20216305
In base 8, what is -277414 - -467?
-276725
In base 11, what is 1 + 9531580?
9531581
In base 5, what is -3120034400 + 0?
-3120034400
In base 12, what is 17a63949 - -1?
17a6394a
In base 13, what is 2bc - c197?
-bba8
In base 3, what is 1101 + 20002022221?
20002101022
In base 3, what is 1001222102211101 - -2?
1001222102211110
In base 16, what is 8aaa8e + -2?
8aaa8c
In base 8, what is 7 + -3555140?
-3555131
In base 6, what is -12220330344 + 5?
-12220330335
In base 7, what is 5250061613 + -5?
5250061605
In base